pose -w*t - t + 6 = r. Let o(a) = a**3 - 2*a**2 + 4*a - 3. Give o(t).
5
Let r(l) = 8*l - 2. Let u(d) = -10*d + 142. Let t be u(14). Calculate r(t).
14
Let i(m) = -71*m**3 - 66*m**2 + 7*m + 3. Let z(c) = 47*c**3 + 47*c**2 - 5*c - 2. Let x(a) = 5*i(a) + 7*z(a). Calculate x(-1).
26
Let o(y) = 5*y**2 - 4 + 2*y**2 - 8*y**2 + 8*y. Let d be 8 + -1 - 5*8/20. Determine o(d).
11
Let x(w) = -7*w + 183. Let m be x(26). Let k(r) = -9*r - 1. Give k(m).
-10
Suppose 18 = -0*t - 3*t. Let z(m) = -m**2 - 7*m - 1. Let c be z(t). Let q(s) = 3 + 2 + s + c. Give q(-7).
3
Let k(r) be the third derivative of -r**4/12 + 17*r**3/6 - 3*r**2. Calculate k(8).
1
Let m(x) be the second derivative of 1/20*x**5 - 7*x + 0 + 7/6*x**3 + 3/4*x**4 - 9/2*x**2. Determine m(-8).
-1
Let t(s) = 5*s - 2. Let x(b) = -6*b + 3. Let f(l) = -2*t(l) - 3*x(l). Give f(4).
27
Let b(c) = -16*c - 22. Let g(o) = 10*o + 12. Let z(n) = 3*b(n) + 5*g(n). Let v = 10 + -5. Calculate z(v).
4
Suppose -90 = -113*o + 122*o. Let y(p) = p**2 + 13*p - 3. Determine y(o).
-33
Let v(d) = 118*d + 11. Let z(n) = -15*n - 1. Let f(m) = 3*v(m) + 24*z(m). Calculate f(5).
-21
Let r = -13 - -16. Suppose -r*q - 17 = 5*u, -5*u - 25 = -0*q - 5*q. Let f(x) = x + 2 - 1 - 1 - 9*x**3 - 1. Determine f(q).
-9
Suppose 2*s + 2 = 4*s - 2*k, 5*s + 2*k = 33. Suppose -s*x = -23 + 3. Suppose c + 5 = x. Let t(g) = -3*g. Give t(c).
3
Let p(i) = -9*i + 7. Let v(t) = 17*t - 13. Let g be 1/(-2) + 126/(-12). Let c(y) = g*p(y) - 6*v(y). Suppose 16*z = 11*z - 10. Give c(z).
7
Let c = -68 - -74. Let n(m) = -7*m**2 + 7*m + 9. Let k(s) = -8*s**2 + 7*s + 9. Let q(v) = c*k(v) - 7*n(v). Calculate q(8).
-1
Let c(d) = d**2 - 18*d + 34. Let v = 982 - 966. Determine c(v).
2
Let z(q) = -4*q + 14. Suppose 0 = 5*r + 4*t - t - 34, 26 = 4*r + 2*t. Calculate z(r).
-6
Let v(p) = -p - 11 - p**3 - 7*p**2 + 15 + p - 5*p. Let o be 1 - 1 - (-1 - -1). Suppose o*n - 18 = 3*n. Give v(n).
-2
Let s(q) be the second derivative of q**5/10 - q**4/6 - q**3/2 + 3*q**2/2 - 2*q. Let f(d) = -6*d + 338. Let n be f(56). Give s(n).
5
Let u(o) = -29*o - 6. Let k(v) = -35*v - 7. Let n(i) = -5*k(i) + 6*u(i). Suppose 3*h = 8*h. Calculate n(h).
-1
Let w(n) = n**3 - n**2 - n - 9. Suppose 3*v + 9 = -v - 3*d, -4*v = -2*d - 6. Determine w(v).
-9
Let q(i) = i**2 + 3*i**2 + 1 - i**2 + 2*i + 0*i**2. Let s(b) = -b**3 + 6*b**2 - 6*b + 3. Let z be s(5). Let j be (-12)/18 + z/6. Calculate q(j).
2
Let v = 1 - 2. Let b be (-44)/55 - (-2 + 2994/(-5)). Let u(d) = -b*d + 0*d**3 + 602*d + 1 - d**3. Calculate u(v).
0
Let x = -53 + 50. Let j(p) = -p**2 - 2*p + 4. Calculate j(x).
1
Let v(p) = -p**2 + 6*p - 5. Suppose -7*q + 13 = -1. Let x be v(q). Let n(c) = -c**2 - 1. Calculate n(x).
-10
Let c(i) = i**2 - 5*i + 3. Let g be c(3). Let f(j) be the second derivative of 2*j**3/3 + 3*j**2/2 + 93*j. What is f(g)?
-9
Let x(k) be the first derivative of -2*k**6/45 + k**5/120 + k**4/24 - 5*k**3/3 + 5. Let p(r) be the third derivative of x(r). Calculate p(-1).
-16
Let z(y) = 13*y - 34. Let x be z(1). Let w(o) = 2*o**2 + 41*o - 17. What is w(x)?
4
Let v(j) be the third derivative of j**4/8 + j**3/6 + 102*j**2. Give v(-3).
-8
Let q be (1 - 3)/(0/25 - 1). Let b(h) = h**2 - 3*h - 1. Let u be b(4). Let v(s) = 2*s - s**3 - 2*s + 3*s**2 - u*s. Give v(q).
-2
Let q be ((-12)/20 + 1)/((-1)/(-15)). Let g(t) be the third derivative of t**5/120 + t**3/6 + t**2. Let s(r) be the first derivative of g(r). Determine s(q).
6
Let w be (-8)/6*3/(-2). Let j(o) = -o**3 - 9*o + o + 3 + 9*o**w - 1. Suppose 3*u = 6*u - 4*y - 16, 2*y = 5*u - 36. Calculate j(u).
2
Suppose -3*b = 8 + 1, -4*b - 16 = -u. Suppose 3*m = 4*d + 3, -d - d - 18 = u*m. Let j(i) = -4*i - 4. Calculate j(m).
8
Let w(m) = -16*m**2 + 20*m - 10. Let j(b) = 3*b**2 - 4*b + 2. Let g(l) = -11*j(l) - 2*w(l). Let o be ((-56)/42)/(2/(-6)). What is g(o)?
-2
Let a(s) = -s**3 - 6*s**2 - s - 2. Let h be a(-6). Let l(y) = -5*y - 1. Let d(g) = -29*g - 6. Let x(m) = -6*d(m) + 34*l(m). Give x(h).
18
Let o = -15 + 9. Let s(g) = -g + 5. Let v(l) = 3*l - 26. Let d(x) = -2*x + 26. Let r(z) = -3*d(z) - 4*v(z). Let q(b) = 2*r(b) - 11*s(b). Determine q(o).
3
Let n be (-29 - -30)*(-4)/(-2). Let u(w) be the first derivative of -2 + 1/2*w**n - 8*w. Calculate u(6).
-2
Suppose -3*d - 3*t = -33, -5*t + 55 = 5*d - 6*t. Let n(z) = z**3 - 11*z**2 + 2*z - 16. Determine n(d).
6
Let g(t) = 4*t**2 + 4. Let v(j) = j**2 + 1. Let c(m) = -g(m) + 5*v(m). Let o(z) = -5*z**2 - 2*z + 2. Let s(f) = -3*c(f) + o(f). Determine s(-1).
-7
Let t(i) = -11 - 10*i + i + 10*i + 0*i. Calculate t(0).
-11
Suppose -3 = -z + 2*w, 45*z - 43*z + 30 = -5*w. Let g(j) = -3*j**2 - 6 + 3*j**2 + j**2 + 6*j. Determine g(z).
-11
Let y = 13 + -9. Suppose 0 = -3*h + h, -102 = -3*i + y*h. Suppose 7*w = 2*w + 2*n + i, -4*n = 8. Let t(g) = -g**3 + 5*g**2 + 6*g - 6. Calculate t(w).
-6
Suppose 29*v = 28*v + 50. Let y(g) = 3*g**3 + 1 - 50*g**2 + v*g**2. Give y(-1).
-2
Let g = 3 - 1. Let b(l) = -1 - 3*l**g - 5*l - 5 + 3 + l**2. Calculate b(-3).
-6
Let r = 618 + -615. Let g(q) = 3*q - 8. Let y(p) = 10*p - 25. Let f(z) = -7*g(z) + 2*y(z). Calculate f(r).
3
Let y(r) = -107*r - 8879. Let z be y(-83). Let g(t) be the first derivative of -5*t**2/2 + t + 1. Determine g(z).
-9
Let y(g) = 14*g**2 + 11*g + 28. Let q(c) = -5*c**2 - 4*c - 11. Let d(f) = 8*q(f) + 3*y(f). Give d(2).
6
Let f(k) = 4*k - 19. Let b be f(7). Suppose -b = -2*q - 7*q. Let i(g) = 6*g. Calculate i(q).
6
Let s(k) = -5*k - 1. Let n be s(-1). Suppose 0 = -j + n*j. Let g(o) be the second derivative of o**5/20 + o**4/12 + o**3/6 + 3*o**2 - 23*o. Give g(j).
6
Let n be (-2 - (-2 + -1)) + 1. Let w(g) = -10*g**2 + 0*g + g + n*g**3 - 3*g**3 + 2 + 7*g**2. Determine w(-2).
-4
Let n(d) = d + 9. Suppose -3*w = 4*s - 76, s - 2*w = -0*w + 19. Let x be 0 + -1 + 2*-11. Let i = x + s. What is n(i)?
5
Suppose -3*y - u = -6, y + 2*y - 5*u + 12 = 0. Let h(d) be the third derivative of 5*d**4/24 + d**3/6 - 4*d**2 - 52. Calculate h(y).
6
Let f(h) = 2*h + 3. Suppose 1 = -4*g - 7. Let j(n) = -1. Let y(a) = g*j(a) - f(a). Suppose 7*k - 24 = -3. Give y(k).
-7
Let r = -16 - -10. Let c(l) = -l**2 - 4*l - 2. Let s(f) = 45 + 4*f - 83 + 40 + f**2. Let m(o) = r*c(o) - 7*s(o). Give m(-4).
-2
Let l(d) = -d**2 - 10*d + 4. Suppose 4*b = 3*z - 5*z - 4, 4*z + 5*b = -17. Give l(z).
20
Let l(r) = r**2 + 3*r - 10. Let z = -97 + 90. Give l(z).
18
Let a(d) be the first derivative of d**3/3 - 7*d + 111. Determine a(6).
29
Let m(n) be the first derivative of 5/3*n**3 + 11/4*n**4 + 3*n**2 - 5*n - 6. Let o(u) = 10*u**3 + 4*u**2 + 5*u - 4. Let q(g) = -4*m(g) + 5*o(g). What is q(-1)?
-7
Let c(p) = -2*p. Let o(n) = 7*n + 23. Let t(j) = -5*c(j) - o(j). What is t(10)?
7
Let p(z) = z**2 - 8*z + 9. Suppose 2*j = 2*m + 6, 0*j + 3*m - 19 = -4*j. Suppose -5*q + g - 2*g + 29 = 0, 2*g - j = -q. Determine p(q).
-3
Let l(t) = -t**3 + 12*t**2 - 7*t - 14. Suppose -3*h + 4*h = -2, 37 = 3*p - 2*h. Determine l(p).
30
Let h(z) be the first derivative of z**3/6 + 5*z**2 + 8*z - 11. Let y(t) be the first derivative of h(t). Give y(-5).
5
Let h(m) = 16*m**2 + 2*m + 1. Let v(d) be the first derivative of d**2/2 + d + 8. Suppose 9 = -3*l + 3*g, 3*l + 3 = -4*g + 1. Let r be v(l). Determine h(r).
15
Let v(f) = f + 9. Let d = -106 - -82. Let q = 42 + -23. Let p = d + q. Determine v(p).
4
Let n = -34 - -31. Let l(b) = -b**3 + 4*b**2 - 3*b - 2. Let p(v) = -6*v**3 + 21*v**2 - 14*v - 10. Let u(a) = 11*l(a) - 2*p(a). What is u(n)?
4
Suppose 3*h = -2*j + 15, -j - h + 6*h = 25. Suppose j = 5*f - 9 - 1. Let i(m) = -4*m - 1. Give i(f).
-9
Let r(l) = -l**3 + 7*l**2 - 12*l - 2. Suppose 328*x - 330*x = -10. Determine r(x).
-12
Let a be ((-77)/(-14))/(-11)*3*6. Let g(k) = -k**3 - 10*k**2 - 10*k + 12. Give g(a).
21
Suppose 42*d - 299 = 79. Let p(z) = z**2 - 9*z - 3. Determine p(d).
-3
Let f(y) = -3*y**2 + 6*y - 2. Suppose -6*v - 1 = -19. What is f(v)?
-11
Let x(u) be the first derivative of -9*u - 4 + 5*u + 2*u**2 - 3 - 6*u. Let j be x(3). Let n(i) = i**3 - i**2 - i - 2. Calculate n(j).
0
Let m(y) = -8*y**3 + 76*y**2 + 78*y - 107. Let w(c) = c**3 - 11*c**2 - 11*c + 15. Let s(o) = -2*m(o) - 15*w(o). What is s(-12)?
25
Let y(c) = c**3 - 4*c**2 - 13*c + 9. Let p(w) = 20 + w - 14 - 7. Let f(x) = 5*p(x) + y(x). Give f(5).
-11
Let f = -12 + 12. Let m be (-9)/4*(-88)/33. Suppose f = 